{"id":2754,"date":"2013-11-18T00:30:18","date_gmt":"2013-11-17T23:30:18","guid":{"rendered":"http:\/\/brinckan.se\/?page_id=2754"},"modified":"2024-10-25T17:52:54","modified_gmt":"2024-10-25T15:52:54","slug":"vara-stadgar","status":"publish","type":"page","link":"https:\/\/brinckan.se\/?page_id=2754","title":{"rendered":"Stadgar"},"content":{"rendered":"\n<p><strong>V\u00e5ra stadgar reglerar hur f\u00f6reningens verksamhet ska sk\u00f6tas. H\u00e4r kan du l\u00e4sa och ta del av dem. Stadgarna ber\u00f6r dig som medlem och bostadsr\u00e4ttsinnehavare i allra h\u00f6gsta grad. <\/strong>Stadgarna har antagits vid Bostadsr\u00e4ttsf\u00f6reningen Brinckan 1:s f\u00f6reningsst\u00e4mma i Stockholm den 23 maj 2024 samt den 3 oktober 2024 med f\u00f6r<br>stadgerevidering erforderlig majoritet.<\/p>\n\n\n\n<p><\/p>\n\n\n\n<div class=\"wp-block-columns is-layout-flex wp-container-core-columns-is-layout-9d6595d7 wp-block-columns-is-layout-flex\">\n<div class=\"wp-block-column is-layout-flow wp-block-column-is-layout-flow\" style=\"flex-basis:100%\">\n<div id=\"wp-block-themeisle-blocks-font-awesome-icons-8a002701\" class=\"wp-block-themeisle-blocks-font-awesome-icons\"><span class=\"wp-block-themeisle-blocks-font-awesome-icons-container\"><a href=\"https:\/\/brinckan.se\/wp-content\/uploads\/2024\/10\/Stadgar-for-Brf-Brinckan-1.pdf\" target=\"_blank\" rel=\"noopener noreferrer\"><i class=\"fas fa-file-pdf\"><\/i><\/a><\/span><\/div>\n<\/div>\n<\/div>\n","protected":false},"excerpt":{"rendered":"<p>V\u00e5ra stadgar reglerar hur f\u00f6reningens verksamhet ska sk\u00f6tas. H\u00e4r kan du l\u00e4sa och ta del av dem. Stadgarna ber\u00f6r dig som medlem och bostadsr\u00e4ttsinnehavare i allra h\u00f6gsta grad. Stadgarna har antagits vid Bostadsr\u00e4ttsf\u00f6reningen Brinckan 1:s f\u00f6reningsst\u00e4mma i Stockholm den 23 maj 2024 samt den 3 oktober 2024 med f\u00f6rstadgerevidering erforderlig majoritet.<\/p>\n","protected":false},"author":4,"featured_media":0,"parent":0,"menu_order":0,"comment_status":"closed","ping_status":"open","template":"","meta":{"_monsterinsights_skip_tracking":false,"_monsterinsights_sitenote_active":false,"_monsterinsights_sitenote_note":"","_monsterinsights_sitenote_category":0,"_themeisle_gutenberg_block_has_review":false,"footnotes":""},"class_list":["post-2754","page","type-page","status-publish","hentry"],"_links":{"self":[{"href":"https:\/\/brinckan.se\/index.php?rest_route=\/wp\/v2\/pages\/2754","targetHints":{"allow":["GET"]}}],"collection":[{"href":"https:\/\/brinckan.se\/index.php?rest_route=\/wp\/v2\/pages"}],"about":[{"href":"https:\/\/brinckan.se\/index.php?rest_route=\/wp\/v2\/types\/page"}],"author":[{"embeddable":true,"href":"https:\/\/brinckan.se\/index.php?rest_route=\/wp\/v2\/users\/4"}],"replies":[{"embeddable":true,"href":"https:\/\/brinckan.se\/index.php?rest_route=%2Fwp%2Fv2%2Fcomments&post=2754"}],"version-history":[{"count":55,"href":"https:\/\/brinckan.se\/index.php?rest_route=\/wp\/v2\/pages\/2754\/revisions"}],"predecessor-version":[{"id":4932,"href":"https:\/\/brinckan.se\/index.php?rest_route=\/wp\/v2\/pages\/2754\/revisions\/4932"}],"wp:attachment":[{"href":"https:\/\/brinckan.se\/index.php?rest_route=%2Fwp%2Fv2%2Fmedia&parent=2754"}],"curies":[{"name":"wp","href":"https:\/\/api.w.org\/{rel}","templated":true}]}}