{"id":16,"date":"2013-11-15T21:59:28","date_gmt":"2013-11-15T21:59:28","guid":{"rendered":"http:\/\/brinckan.se\/?page_id=16"},"modified":"2023-02-26T16:41:32","modified_gmt":"2023-02-26T15:41:32","slug":"home","status":"publish","type":"page","link":"https:\/\/brinckan.se\/","title":{"rendered":"Hem"},"content":{"rendered":"<h2>BRF Brinckan 1<\/h2>\n<p><\/p>\n\n\n<div class=\"wp-block-themepunch-revslider revslider\" data-modal=\"false\" data-slidertitle=\"Home slider\" style=\"\">\n\t\t\t<!-- START Home slider REVOLUTION SLIDER 6.7.37 --><p class=\"rs-p-wp-fix\"><\/p>\n\t\t\t<rs-module-wrap id=\"rev_slider_1_1_wrapper\" data-source=\"gallery\" style=\"visibility:hidden;background:#E9E9E9;padding:0;margin:0px auto;margin-top:0;margin-bottom:0;\">\n\t\t\t\t<rs-module id=\"rev_slider_1_1\" style=\"\" data-version=\"6.7.37\">\n\t\t\t\t\t<rs-slides style=\"overflow: hidden; position: absolute;\">\n\t\t\t\t\t\t<rs-slide style=\"position: absolute;\" data-key=\"rs-7\" data-title=\"Slide\" data-anim=\"adpr:false;\">\n\t\t\t\t\t\t\t<img decoding=\"async\" src=\"\/\/brinckan.se\/wp-content\/plugins\/revslider\/sr6\/assets\/assets\/dummy.png\" alt=\"\" title=\"Hem\" class=\"rev-slidebg tp-rs-img rs-lazyload\" data-lazyload=\"\/\/brinckan.se\/wp-content\/uploads\/2013\/11\/panorama.jpg\" data-no-retina>\n<!---->\t\t\t\t\t<\/rs-slide>\n\t\t\t\t\t\t<rs-slide style=\"position: absolute;\" data-key=\"rs-9\" data-title=\"Slide\" data-anim=\"adpr:false;\">\n\t\t\t\t\t\t\t<img decoding=\"async\" src=\"\/\/brinckan.se\/wp-content\/plugins\/revslider\/sr6\/assets\/assets\/dummy.png\" alt=\"\" title=\"Hem\" class=\"rev-slidebg tp-rs-img rs-lazyload\" data-lazyload=\"\/\/brinckan.se\/wp-content\/uploads\/2013\/11\/MG_1036.jpg\" data-no-retina>\n<!---->\t\t\t\t\t<\/rs-slide>\n\t\t\t\t\t\t<rs-slide style=\"position: absolute;\" data-key=\"rs-12\" data-title=\"Slide\" data-anim=\"adpr:false;\">\n\t\t\t\t\t\t\t<img decoding=\"async\" src=\"\/\/brinckan.se\/wp-content\/plugins\/revslider\/sr6\/assets\/assets\/dummy.png\" alt=\"\" title=\"Hem\" class=\"rev-slidebg tp-rs-img rs-lazyload\" data-lazyload=\"\/\/brinckan.se\/wp-content\/uploads\/2013\/11\/MG_0990.jpg\" data-no-retina>\n<!---->\t\t\t\t\t<\/rs-slide>\n\t\t\t\t\t<\/rs-slides>\n\t\t\t\t<\/rs-module>\n\t\t\t\t<script>\n\t\t\t\t\tsetREVStartSize({c: 'rev_slider_1_1',rl:[1240,1024,778,480],el:[350],gw:[960],gh:[350],type:'standard',justify:'',layout:'fullwidth',mh:\"350\"});if (window.RS_MODULES!==undefined && window.RS_MODULES.modules!==undefined && window.RS_MODULES.modules[\"revslider11\"]!==undefined) {window.RS_MODULES.modules[\"revslider11\"].once = false;window.revapi1 = undefined;if (window.RS_MODULES.checkMinimal!==undefined) window.RS_MODULES.checkMinimal()}\n\t\t\t\t<\/script>\n\t\t\t<\/rs-module-wrap>\n\t\t\t<!-- END REVOLUTION SLIDER -->\n<\/div>\n\n\n\n<p><\/p>\n\n\n\n<p><\/p>\n\n\n\n<h3 class=\"wp-block-heading\">Nyheter<\/h3>\n\n\n\n<p><\/p>\n\n\n<div class=\"wp-block-themeisle-blocks-posts-grid\" id=\"wp-block-themeisle-blocks-posts-grid-f94faa22\"><div class=\"is-list\"><div class=\"o-posts-grid-post-blog o-posts-grid-post-plain\"><div class=\"o-posts-grid-post\"><div class=\"o-posts-grid-post-body is-full\"><h4 class=\"o-posts-grid-post-title\"><a href=\"https:\/\/brinckan.se\/?p=4953\">Dokument till f\u00f6reningsst\u00e4mman 26 maj 2025<\/a><\/h4><p class=\"o-posts-grid-post-meta\">Posted on <time datetime=\"2025-05-15T19:09:28+02:00\">2025-05-15<\/time> <\/p><div class=\"o-posts-grid-post-description\"><p>Nu finns alla dokument inf\u00f6r f\u00f6reningsst\u00e4mman 26 maj 2025 samlade under &#8221;F\u00f6reningsdokument&amp;#82\u2026<\/p><\/div><\/div><\/div><\/div><div class=\"o-posts-grid-post-blog o-posts-grid-post-plain\"><div class=\"o-posts-grid-post\"><div class=\"o-posts-grid-post-body is-full\"><h4 class=\"o-posts-grid-post-title\"><a href=\"https:\/\/brinckan.se\/?p=4925\">Protokoll fr\u00e5n extra f\u00f6reningsst\u00e4mma 3 oktober 2024<\/a><\/h4><p class=\"o-posts-grid-post-meta\">Posted on <time datetime=\"2024-10-17T18:49:51+02:00\">2024-10-17<\/time> <\/p><div class=\"o-posts-grid-post-description\"><p>Nu finns protokollet fr\u00e5n extra f\u00f6reningsst\u00e4mman den 3 oktober 2024 tillg\u00e4ngligt under F\u00f6reningsdoku\u2026<\/p><\/div><\/div><\/div><\/div><div class=\"o-posts-grid-post-blog o-posts-grid-post-plain\"><div class=\"o-posts-grid-post\"><div class=\"o-posts-grid-post-body is-full\"><h4 class=\"o-posts-grid-post-title\"><a href=\"https:\/\/brinckan.se\/?p=4918\">Kanalreng\u00f6ring f\u00f6r ventilationen<\/a><\/h4><p class=\"o-posts-grid-post-meta\">Posted on <time datetime=\"2024-10-04T17:23:00+02:00\">2024-10-04<\/time> <\/p><div class=\"o-posts-grid-post-description\"><p>D\u00e5 vi har f\u00e5tt problem med s\u00e4mre fl\u00f6de, matos samt stopp i vissa kanaler har Nordvalvet AB f\u00e5tt i up\u2026<\/p><\/div><\/div><\/div><\/div><div class=\"o-posts-grid-post-blog o-posts-grid-post-plain\"><div class=\"o-posts-grid-post\"><div class=\"o-posts-grid-post-body is-full\"><h4 class=\"o-posts-grid-post-title\"><a href=\"https:\/\/brinckan.se\/?p=4912\">Dokument till extra f\u00f6reningsst\u00e4mman 2024-10-03<\/a><\/h4><p class=\"o-posts-grid-post-meta\">Posted on <time datetime=\"2024-09-12T13:34:52+02:00\">2024-09-12<\/time> <\/p><div class=\"o-posts-grid-post-description\"><p>Alla dokument inf\u00f6r den extra f\u00f6reningsst\u00e4mman 3 oktober hittar du under F\u00f6reningsdokument.<\/p><\/div><\/div><\/div><\/div><div class=\"o-posts-grid-post-blog o-posts-grid-post-plain\"><div class=\"o-posts-grid-post\"><div class=\"o-posts-grid-post-body is-full\"><h4 class=\"o-posts-grid-post-title\"><a href=\"https:\/\/brinckan.se\/?p=4877\">L\u00e4cks\u00f6kning i port 7<\/a><\/h4><p class=\"o-posts-grid-post-meta\">Posted on <time datetime=\"2024-06-13T18:02:22+02:00\">2024-06-13<\/time> <\/p><div class=\"o-posts-grid-post-description\"><p>Fredag 14 juni samt m\u00e5ndag 17 juni och (troligen) tisdag 18 juni kommer arbetet med att f\u00f6rs\u00f6ka hitt\u2026<\/p><\/div><\/div><\/div><\/div><div class=\"o-posts-grid-post-blog o-posts-grid-post-plain\"><div class=\"o-posts-grid-post\"><div class=\"o-posts-grid-post-body is-full\"><h4 class=\"o-posts-grid-post-title\"><a href=\"https:\/\/brinckan.se\/?p=4865\">Dokument till f\u00f6reningsst\u00e4mman 2024-05-23<\/a><\/h4><p class=\"o-posts-grid-post-meta\">Posted on <time datetime=\"2024-05-08T21:24:23+02:00\">2024-05-08<\/time> <\/p><div class=\"o-posts-grid-post-description\"><p>Nu finns alla dokument inf\u00f6r f\u00f6reningsst\u00e4mman 23 maj s\u00e5som kallelse, \u00e5rsredovisning mm samlade under\u2026<\/p><\/div><\/div><\/div><\/div><\/div> <\/div>\n\n\n<p><\/p>\n","protected":false},"excerpt":{"rendered":"<p>BRF Brinckan 1 Nyheter<\/p>\n","protected":false},"author":4,"featured_media":0,"parent":0,"menu_order":0,"comment_status":"closed","ping_status":"open","template":"","meta":{"_monsterinsights_skip_tracking":false,"_monsterinsights_sitenote_active":false,"_monsterinsights_sitenote_note":"","_monsterinsights_sitenote_category":0,"_themeisle_gutenberg_block_has_review":false,"footnotes":""},"class_list":["post-16","page","type-page","status-publish","hentry"],"_links":{"self":[{"href":"https:\/\/brinckan.se\/index.php?rest_route=\/wp\/v2\/pages\/16","targetHints":{"allow":["GET"]}}],"collection":[{"href":"https:\/\/brinckan.se\/index.php?rest_route=\/wp\/v2\/pages"}],"about":[{"href":"https:\/\/brinckan.se\/index.php?rest_route=\/wp\/v2\/types\/page"}],"author":[{"embeddable":true,"href":"https:\/\/brinckan.se\/index.php?rest_route=\/wp\/v2\/users\/4"}],"replies":[{"embeddable":true,"href":"https:\/\/brinckan.se\/index.php?rest_route=%2Fwp%2Fv2%2Fcomments&post=16"}],"version-history":[{"count":198,"href":"https:\/\/brinckan.se\/index.php?rest_route=\/wp\/v2\/pages\/16\/revisions"}],"predecessor-version":[{"id":4783,"href":"https:\/\/brinckan.se\/index.php?rest_route=\/wp\/v2\/pages\/16\/revisions\/4783"}],"wp:attachment":[{"href":"https:\/\/brinckan.se\/index.php?rest_route=%2Fwp%2Fv2%2Fmedia&parent=16"}],"curies":[{"name":"wp","href":"https:\/\/api.w.org\/{rel}","templated":true}]}}